{"id":13974,"date":"2025-04-24T10:56:50","date_gmt":"2025-04-24T08:56:50","guid":{"rendered":"https:\/\/shop.lilalom.com\/?page_id=13974"},"modified":"2025-04-24T12:09:29","modified_gmt":"2025-04-24T10:09:29","slug":"modni-nakit-znamke-lilalom","status":"publish","type":"page","link":"https:\/\/shop.lilalom.com\/index.php\/modni-nakit-znamke-lilalom\/","title":{"rendered":"Modni nakit znamke LILALOM"},"content":{"rendered":"\t\t<div data-elementor-type=\"wp-page\" data-elementor-id=\"13974\" class=\"elementor elementor-13974\">\n\t\t\t\t\t\t<section class=\"elementor-section elementor-top-section elementor-element elementor-element-7e89f12 elementor-section-boxed elementor-section-height-default elementor-section-height-default\" data-id=\"7e89f12\" data-element_type=\"section\">\n\t\t\t\t\t\t<div class=\"elementor-container elementor-column-gap-default\">\n\t\t\t\t\t<div class=\"elementor-column elementor-col-100 elementor-top-column elementor-element elementor-element-2e723e2f\" data-id=\"2e723e2f\" data-element_type=\"column\">\n\t\t\t<div class=\"elementor-widget-wrap elementor-element-populated\">\n\t\t\t\t\t\t<div class=\"elementor-element elementor-element-4703c754 elementor-widget elementor-widget-text-editor\" data-id=\"4703c754\" data-element_type=\"widget\" data-widget_type=\"text-editor.default\">\n\t\t\t\t<div class=\"elementor-widget-container\">\n\t\t\t\t\t\t\t<!-- wp:paragraph -->\n<p>Unikatni modni nakit iz nerjave\u010dega jekla in smole, ustvarjen pod okriljem priznane Slovenske znamke <strong>LILALOM<\/strong>, je ve\u010d kot le okrasni dodatek \u2013 je prava umetnina narave, ujeta v brez\u010dasni lepoti, ki iz\u017eareva povezanost z naravo, estetsko dovr\u0161enost in globoko osebno noto. Z uporabo pravih rastlin, cvetov, poldragih kamnov in drugih naravnih materialov vsak kos nakita pripoveduje svojo edinstveno zgodbo ter nosi v sebi simboliko nepozabnih trenutkov. Poleg tega uporabljamo trajnostno in ekolo\u0161ko smolo, s \u010dimer zagotavljamo, da na\u0161 nakit ni le lep, temve\u010d tudi prijazen do okolja.<\/p>\n<!-- \/wp:paragraph --><!-- wp:paragraph -->\n<p>Zgodba nakita <strong>LILALOM<\/strong> se za\u010dne v naravi. Ro\u010dno izbrani naravni elementi, kot so posu\u0161ene rastline, cvetlice, mah, poldragi kamni ter celo listi\u010di zlata in srebra, so natan\u010dno ume\u0161\u010deni v smolo, ki jih ve\u010dno konzervira v kristalno \u010disto obliko. Tako vsak kos postane trajen spomin na lepoto narave, ki ga lahko nosite s seboj vsak dan ali ob posebnih prilo\u017enostih. Na\u0161a ekolo\u0161ka smola, ki jo uporabljamo pri ustvarjanju, ni le vizualno privla\u010dna, temve\u010d je tudi varna za ko\u017eo in okolje. Zdru\u017eitev trajnostne prakse z inovativnim dizajnom je klju\u010dno poslanstvo na\u0161e znamke.<\/p>\n<!-- \/wp:paragraph --><!-- wp:paragraph -->\n<p>Poseben poudarek dajemo prilagoditvi \u017eeljam in potrebam strank. Poleg unikatnih kosov, ki jih sami oblikujemo, omogo\u010damo popolnoma personalizirane izdelke po meri. \u010ce nam po\u0161ljete rastlino, cvetlico ali kak\u0161en drug predmet, ki ima za vas poseben pomen, ga lahko vklju\u010dimo v nakit. Prav tako lahko uporabimo pramene laskov, prve cvetlice va\u0161ega otroka, pesek s pla\u017ee, kjer ste pre\u017eiveli poseben trenutek, ali celo predmete, ki jih \u017eelite ohraniti kot dragocen spomin. S tak\u0161no personalizacijo vsak kos nakita postane izjemno oseben in nosi globok pomen, ki ga ne more nadomestiti noben drug kos nakita.<\/p>\n<!-- \/wp:paragraph --><!-- wp:paragraph -->\n<p>Poleg nakita ponujamo tudi izdelavo unikatnih dekorativnih izdelkov iz smole in lesa. Ta kombinacija naravnih materialov prina\u0161a toplino in eleganco v va\u0161 dom ali poslovni prostor. Vsak izdelek je izdelan po meri in prilagojen va\u0161im \u017eeljam, da dopolni va\u0161 prostor s pridihom naravne harmonije.<\/p>\n<!-- \/wp:paragraph --><!-- wp:paragraph -->\n<p>Nakit znamke <strong>LILALOM<\/strong> ni le lep, ampak tudi varen za no\u0161enje. Nerjave\u010de jeklo, ki ga uporabljamo, je poznano po svoji odpornosti, vzdr\u017eljivosti in brez\u010dasni eleganci. Ker ne vsebuje niklja, je hipoalergeno in zato idealno za ljudi z ob\u010dutljivo ko\u017eo. Kombinacija visokokakovostnih materialov in ro\u010dno izdelanih detajlov zagotavlja dolgotrajno lepoto in obstojnost. Poleg nerjave\u010dega jekla lahko na \u017eeljo stranke ustvarjamo nakit tudi v kombinaciji s srebrom ali zlatom.<\/p>\n<!-- \/wp:paragraph --><!-- wp:paragraph -->\n<p>Naj bo to darilo za posebno prilo\u017enost, osebni talisman ali pa spomin na dragocen trenutek \u2013 nakit in izdelki znamke <strong>LILALOM<\/strong> so brez\u010dasni in obogateni s \u010dustveno vrednostjo. Zavezujemo se trajnosti, kakovosti in estetiki ter ustvarjamo unikatne kose, ki bodo odraz va\u0161e osebnosti in ljubezni do narave.<\/p>\n<!-- \/wp:paragraph --><!-- wp:paragraph -->\n<p>Z veseljem nam svoje \u017eelje ali vpra\u0161anja sporo\u010dite pod rubriko Kontakt na na\u0161i spletni strani ali pa nas kontaktirajte prek e-po\u0161te na naslov <strong>info@lilalom.com<\/strong>. Z vami bomo sodelovali, da ustvarimo popoln nakit ali izdelek, ki bo ve\u010dno zaznamoval va\u0161o zgodbo.<\/p>\n<!-- \/wp:paragraph -->\t\t\t\t\t\t<\/div>\n\t\t\t\t<\/div>\n\t\t\t\t\t<\/div>\n\t\t<\/div>\n\t\t\t\t\t<\/div>\n\t\t<\/section>\n\t\t\t\t<\/div>\n\t\t","protected":false},"excerpt":{"rendered":"<p>Unikatni modni nakit iz nerjave\u010dega jekla in smole, ustvarjen pod okriljem priznane Slovenske znamke LILALOM, je ve\u010d kot le okrasni dodatek \u2013 je prava umetnina narave, ujeta v brez\u010dasni lepoti, ki iz\u017eareva povezanost z naravo, estetsko dovr\u0161enost in globoko osebno noto. Z uporabo pravih rastlin, cvetov, poldragih kamnov in drugih naravnih materialov vsak kos nakita [&hellip;]<\/p>\n","protected":false},"author":1,"featured_media":0,"parent":0,"menu_order":0,"comment_status":"closed","ping_status":"closed","template":"","meta":{"_eb_attr":"","footnotes":""},"class_list":["post-13974","page","type-page","status-publish","hentry"],"jetpack_sharing_enabled":true,"_links":{"self":[{"href":"https:\/\/shop.lilalom.com\/index.php\/wp-json\/wp\/v2\/pages\/13974","targetHints":{"allow":["GET"]}}],"collection":[{"href":"https:\/\/shop.lilalom.com\/index.php\/wp-json\/wp\/v2\/pages"}],"about":[{"href":"https:\/\/shop.lilalom.com\/index.php\/wp-json\/wp\/v2\/types\/page"}],"author":[{"embeddable":true,"href":"https:\/\/shop.lilalom.com\/index.php\/wp-json\/wp\/v2\/users\/1"}],"replies":[{"embeddable":true,"href":"https:\/\/shop.lilalom.com\/index.php\/wp-json\/wp\/v2\/comments?post=13974"}],"version-history":[{"count":4,"href":"https:\/\/shop.lilalom.com\/index.php\/wp-json\/wp\/v2\/pages\/13974\/revisions"}],"predecessor-version":[{"id":13978,"href":"https:\/\/shop.lilalom.com\/index.php\/wp-json\/wp\/v2\/pages\/13974\/revisions\/13978"}],"wp:attachment":[{"href":"https:\/\/shop.lilalom.com\/index.php\/wp-json\/wp\/v2\/media?parent=13974"}],"curies":[{"name":"wp","href":"https:\/\/api.w.org\/{rel}","templated":true}]}}