{"id":12184,"date":"2022-12-04T20:32:49","date_gmt":"2022-12-04T19:32:49","guid":{"rendered":"https:\/\/shop.lilalom.com\/?post_type=product&#038;p=12184"},"modified":"2023-03-16T22:17:18","modified_gmt":"2023-03-16T21:17:18","slug":"ogrlica-z-obeskom-z-cvetom-okrasne-grmovnice","status":"publish","type":"product","link":"https:\/\/shop.lilalom.com\/index.php\/izdelek\/ogrlica-z-obeskom-z-cvetom-okrasne-grmovnice\/","title":{"rendered":"Prosojna ogrlica z obeskom z cvetom okrasne grmovnice"},"content":{"rendered":"<p>Ogrlica z obeskom z cvetom okrasne grmovnice, se zaradi transparentnosti poda k vsakemu obla\u010dilu.<br \/>\nVelikost obeska je 7 x 4,5 cm. Oglica je iz usnja dol\u017eine cca 45 cm z podalj\u0161kom iz nerjave\u010dega jekla dol\u017eine 3-4 cm.<\/p>\n","protected":false},"excerpt":{"rendered":"<p>Ogrlica z obeskom z cvetom okrasne grmovnice, se zaradi transparentnosti poda k vsakemu obla\u010dilu. Velikost obeska je 7 x 4,5 cm. Oglica je iz usnja dol\u017eine cca 45 cm z podalj\u0161kom iz nerjave\u010dega jekla dol\u017eine 3-4 cm.<\/p>\n","protected":false},"featured_media":12189,"comment_status":"open","ping_status":"closed","template":"","meta":{"_eb_attr":""},"product_cat":[23],"product_tag":[],"class_list":{"0":"post-12184","1":"product","2":"type-product","3":"status-publish","4":"has-post-thumbnail","6":"product_cat-ogrlice","8":"first","9":"instock","10":"sold-individually","11":"purchasable","12":"product-type-simple"},"jetpack_sharing_enabled":true,"_links":{"self":[{"href":"https:\/\/shop.lilalom.com\/index.php\/wp-json\/wp\/v2\/product\/12184","targetHints":{"allow":["GET"]}}],"collection":[{"href":"https:\/\/shop.lilalom.com\/index.php\/wp-json\/wp\/v2\/product"}],"about":[{"href":"https:\/\/shop.lilalom.com\/index.php\/wp-json\/wp\/v2\/types\/product"}],"replies":[{"embeddable":true,"href":"https:\/\/shop.lilalom.com\/index.php\/wp-json\/wp\/v2\/comments?post=12184"}],"wp:featuredmedia":[{"embeddable":true,"href":"https:\/\/shop.lilalom.com\/index.php\/wp-json\/wp\/v2\/media\/12189"}],"wp:attachment":[{"href":"https:\/\/shop.lilalom.com\/index.php\/wp-json\/wp\/v2\/media?parent=12184"}],"wp:term":[{"taxonomy":"product_cat","embeddable":true,"href":"https:\/\/shop.lilalom.com\/index.php\/wp-json\/wp\/v2\/product_cat?post=12184"},{"taxonomy":"product_tag","embeddable":true,"href":"https:\/\/shop.lilalom.com\/index.php\/wp-json\/wp\/v2\/product_tag?post=12184"}],"curies":[{"name":"wp","href":"https:\/\/api.w.org\/{rel}","templated":true}]}}