{"id":12475,"date":"2023-02-27T13:40:52","date_gmt":"2023-02-27T12:40:52","guid":{"rendered":"https:\/\/shop.lilalom.com\/?post_type=product&#038;p=12475"},"modified":"2023-03-16T22:19:49","modified_gmt":"2023-03-16T21:19:49","slug":"ovalni-medaljon-z-imitacijo-narave","status":"publish","type":"product","link":"https:\/\/shop.lilalom.com\/index.php\/izdelek\/ovalni-medaljon-z-imitacijo-narave\/","title":{"rendered":"Ovalni medaljon z imitacijo narave"},"content":{"rendered":"<p>Elegantni ovalni medaljon z abstraktno imitacijo narave. Ogrlica je izdelana je iz ekolo\u0161ke epoksi smole.<br \/>\nVelikost obeska je pribli\u017eno 35x25mm. Ogrlica je iz nerjave\u010dega jekla in je dol\u017eine cca 44,5 cm.<\/p>\n<p>Vsi deli so iz nerjave\u010dega jekla, katero ne povzro\u010da alergij.<\/p>\n","protected":false},"excerpt":{"rendered":"<p>Elegantni ovalni medaljon z abstraktno imitacijo narave. Ogrlica je izdelana je iz ekolo\u0161ke epoksi smole. Velikost obeska je pribli\u017eno 35x25mm. Ogrlica je iz nerjave\u010dega jekla in je dol\u017eine cca 44,5 cm. Vsi deli so iz nerjave\u010dega jekla, katero ne povzro\u010da alergij.<\/p>\n","protected":false},"featured_media":12479,"comment_status":"open","ping_status":"closed","template":"","meta":{"_eb_attr":""},"product_cat":[23],"product_tag":[],"class_list":{"0":"post-12475","1":"product","2":"type-product","3":"status-publish","4":"has-post-thumbnail","6":"product_cat-ogrlice","8":"first","9":"instock","10":"sold-individually","11":"purchasable","12":"product-type-simple"},"jetpack_sharing_enabled":true,"_links":{"self":[{"href":"https:\/\/shop.lilalom.com\/index.php\/wp-json\/wp\/v2\/product\/12475","targetHints":{"allow":["GET"]}}],"collection":[{"href":"https:\/\/shop.lilalom.com\/index.php\/wp-json\/wp\/v2\/product"}],"about":[{"href":"https:\/\/shop.lilalom.com\/index.php\/wp-json\/wp\/v2\/types\/product"}],"replies":[{"embeddable":true,"href":"https:\/\/shop.lilalom.com\/index.php\/wp-json\/wp\/v2\/comments?post=12475"}],"wp:featuredmedia":[{"embeddable":true,"href":"https:\/\/shop.lilalom.com\/index.php\/wp-json\/wp\/v2\/media\/12479"}],"wp:attachment":[{"href":"https:\/\/shop.lilalom.com\/index.php\/wp-json\/wp\/v2\/media?parent=12475"}],"wp:term":[{"taxonomy":"product_cat","embeddable":true,"href":"https:\/\/shop.lilalom.com\/index.php\/wp-json\/wp\/v2\/product_cat?post=12475"},{"taxonomy":"product_tag","embeddable":true,"href":"https:\/\/shop.lilalom.com\/index.php\/wp-json\/wp\/v2\/product_tag?post=12475"}],"curies":[{"name":"wp","href":"https:\/\/api.w.org\/{rel}","templated":true}]}}