{"id":12669,"date":"2023-03-16T17:17:30","date_gmt":"2023-03-16T16:17:30","guid":{"rendered":"https:\/\/shop.lilalom.com\/?post_type=product&#038;p=12669"},"modified":"2023-03-17T17:11:27","modified_gmt":"2023-03-17T16:11:27","slug":"rosa-prsten-z-z-travniskimi-rastlinami","status":"publish","type":"product","link":"https:\/\/shop.lilalom.com\/index.php\/izdelek\/rosa-prsten-z-z-travniskimi-rastlinami\/","title":{"rendered":"Roza prsten z z travni\u0161kimi rastlinami"},"content":{"rendered":"<p>\u010cudovit ro\u017enat prstan, ki je okra\u0161en s travni\u0161kimi rastlinami. Ta prstan je unikaten in popoln za vse, ki imate radi naravo in cvetje.<\/p>\n<p>Ro\u017enata barva prstana daje ob\u010dutek elegance in ne\u017enosti, medtem ko travni\u0161ke rastline prina\u0161ajo element narave in sve\u017eine. Vsaka rastlina na prstanu je skrbno izbrana in ro\u010dno vstavljena v prstan.<\/p>\n<p>Izdelan je iz visokokakovostnega materiala, ki zagotavlja, da bo prstan trajen in lep. Zaradi svoje nevsakdanje oblike in okrasja z rastlinami, bo prstan zagotovo pritegnil pozornost in vzbudil zanimanje pri va\u0161ih prijateljih in znancih.<\/p>\n<p>Ro\u017enat prstan z travni\u0161kimi rastlinami je primerna izbira za vse prilo\u017enosti, od vsakdanjega no\u0161enja do posebnih dogodkov. Ne glede na to, ali ga nosite sami ali pa ga podarjate kot darilo, bo ta prstan vedno navdu\u0161il.<\/p>\n<p>Velikost prstana: cca 2 cm obseg rinke se, da prilagoditi na poljubno velikost od 17.5 mm naprej.<\/p>\n<p>Vsi jekleni deli so iz nerjave\u010dega jekla in niso alergeni.<\/p>\n","protected":false},"excerpt":{"rendered":"<p>\u010cudovit ro\u017enat prstan, ki je okra\u0161en s travni\u0161kimi rastlinami. Ta prstan je unikaten in popoln za vse, ki imate radi naravo in cvetje. Ro\u017enata barva prstana daje ob\u010dutek elegance in ne\u017enosti, medtem ko travni\u0161ke rastline prina\u0161ajo element narave in sve\u017eine. Vsaka rastlina na prstanu je skrbno izbrana in ro\u010dno vstavljena v prstan. Izdelan je iz [&hellip;]<\/p>\n","protected":false},"featured_media":12670,"comment_status":"open","ping_status":"closed","template":"","meta":{"_eb_attr":""},"product_cat":[25],"product_tag":[],"class_list":{"0":"post-12669","1":"product","2":"type-product","3":"status-publish","4":"has-post-thumbnail","6":"product_cat-prstani","8":"first","9":"instock","10":"sold-individually","11":"purchasable","12":"product-type-simple"},"jetpack_sharing_enabled":true,"_links":{"self":[{"href":"https:\/\/shop.lilalom.com\/index.php\/wp-json\/wp\/v2\/product\/12669","targetHints":{"allow":["GET"]}}],"collection":[{"href":"https:\/\/shop.lilalom.com\/index.php\/wp-json\/wp\/v2\/product"}],"about":[{"href":"https:\/\/shop.lilalom.com\/index.php\/wp-json\/wp\/v2\/types\/product"}],"replies":[{"embeddable":true,"href":"https:\/\/shop.lilalom.com\/index.php\/wp-json\/wp\/v2\/comments?post=12669"}],"wp:featuredmedia":[{"embeddable":true,"href":"https:\/\/shop.lilalom.com\/index.php\/wp-json\/wp\/v2\/media\/12670"}],"wp:attachment":[{"href":"https:\/\/shop.lilalom.com\/index.php\/wp-json\/wp\/v2\/media?parent=12669"}],"wp:term":[{"taxonomy":"product_cat","embeddable":true,"href":"https:\/\/shop.lilalom.com\/index.php\/wp-json\/wp\/v2\/product_cat?post=12669"},{"taxonomy":"product_tag","embeddable":true,"href":"https:\/\/shop.lilalom.com\/index.php\/wp-json\/wp\/v2\/product_tag?post=12669"}],"curies":[{"name":"wp","href":"https:\/\/api.w.org\/{rel}","templated":true}]}}