{"id":12674,"date":"2023-03-16T19:26:53","date_gmt":"2023-03-16T18:26:53","guid":{"rendered":"https:\/\/shop.lilalom.com\/?post_type=product&#038;p=12674"},"modified":"2024-03-28T10:34:44","modified_gmt":"2024-03-28T09:34:44","slug":"prsten-z-navadnim-plescem","status":"publish","type":"product","link":"https:\/\/shop.lilalom.com\/index.php\/izdelek\/prsten-z-navadnim-plescem\/","title":{"rendered":"Prsten z navadnim ple\u0161cem"},"content":{"rendered":"<p>Eleganten prsten, ki je okra\u0161en z rastlino navadni ple\u0161ec. Ta prstan je unikaten in bo zagotovo pritegnil pozornost vsakega ljubitelja narave.<\/p>\n<p>Prstan je izdelan iz kakovostnih materialov, ki zagotavljajo, da bo trajen in lep. Navadni ple\u0161ec na prstanu je skrbno izbran in ro\u010dno vstavljen v prstan, kar daje ob\u010dutek narave in sve\u017eine.<\/p>\n<p>Zaradi svoje preproste in elegantne oblike je prstan primeren za vsako prilo\u017enost. Lahko ga nosite vsak dan ali pa ga imate na poseben dogodek.<\/p>\n<p>Velikost prstana: cca 2 cm obseg rinke se, da prilagoditi na poljubno velikost od 17.5 mm naprej.<\/p>\n<p>Vsi jekleni deli so iz nerjave\u010dega jekla in niso alergeni.<\/p>\n","protected":false},"excerpt":{"rendered":"<p>Eleganten prsten, ki je okra\u0161en z rastlino navadni ple\u0161ec. Ta prstan je unikaten in bo zagotovo pritegnil pozornost vsakega ljubitelja narave. Prstan je izdelan iz kakovostnih materialov, ki zagotavljajo, da bo trajen in lep. Navadni ple\u0161ec na prstanu je skrbno izbran in ro\u010dno vstavljen v prstan, kar daje ob\u010dutek narave in sve\u017eine. Zaradi svoje preproste [&hellip;]<\/p>\n","protected":false},"featured_media":12675,"comment_status":"open","ping_status":"closed","template":"","meta":{"_eb_attr":""},"product_cat":[25],"product_tag":[],"class_list":{"0":"post-12674","1":"product","2":"type-product","3":"status-publish","4":"has-post-thumbnail","6":"product_cat-prstani","8":"first","9":"instock","10":"sold-individually","11":"purchasable","12":"product-type-simple"},"jetpack_sharing_enabled":true,"_links":{"self":[{"href":"https:\/\/shop.lilalom.com\/index.php\/wp-json\/wp\/v2\/product\/12674","targetHints":{"allow":["GET"]}}],"collection":[{"href":"https:\/\/shop.lilalom.com\/index.php\/wp-json\/wp\/v2\/product"}],"about":[{"href":"https:\/\/shop.lilalom.com\/index.php\/wp-json\/wp\/v2\/types\/product"}],"replies":[{"embeddable":true,"href":"https:\/\/shop.lilalom.com\/index.php\/wp-json\/wp\/v2\/comments?post=12674"}],"wp:featuredmedia":[{"embeddable":true,"href":"https:\/\/shop.lilalom.com\/index.php\/wp-json\/wp\/v2\/media\/12675"}],"wp:attachment":[{"href":"https:\/\/shop.lilalom.com\/index.php\/wp-json\/wp\/v2\/media?parent=12674"}],"wp:term":[{"taxonomy":"product_cat","embeddable":true,"href":"https:\/\/shop.lilalom.com\/index.php\/wp-json\/wp\/v2\/product_cat?post=12674"},{"taxonomy":"product_tag","embeddable":true,"href":"https:\/\/shop.lilalom.com\/index.php\/wp-json\/wp\/v2\/product_tag?post=12674"}],"curies":[{"name":"wp","href":"https:\/\/api.w.org\/{rel}","templated":true}]}}