{"id":12697,"date":"2023-03-17T18:25:41","date_gmt":"2023-03-17T17:25:41","guid":{"rendered":"https:\/\/shop.lilalom.com\/?post_type=product&#038;p=12697"},"modified":"2023-03-17T18:25:41","modified_gmt":"2023-03-17T17:25:41","slug":"zeleni-veliki-okrogli-uhani-z-raznimi-blescicami","status":"publish","type":"product","link":"https:\/\/shop.lilalom.com\/index.php\/izdelek\/zeleni-veliki-okrogli-uhani-z-raznimi-blescicami\/","title":{"rendered":"Zeleni veliki okrogli uhani z raznimi ble\u0161\u010dicami"},"content":{"rendered":"<p>Zeleni veliki okrogli uhani z raznimi ble\u0161\u010dicami. Uhani so izdelani iz ekolo\u0161ke smole in nerjave\u010dega jekla, kar zagotavlja trajnostnost in odpornost. Zelena barva uhana simbolizira naravo in harmonijo, zato so primerni za vsakodnevno no\u0161enje ali za posebne prilo\u017enosti. Ble\u0161\u010dice na uhanih dodajajo pridih glamurja, ki bo zagotovo pritegnil pozornost in poudaril va\u0161o edinstveno osebnost. Ekolo\u0161ka smola, uporabljena pri izdelavi uhanov, je okolju prijazna alternativa sinteti\u010dnim materialom in zagotavlja trajnostno izbiro. Nerjave\u010de jeklo pa je trpe\u017eno in odporno na rjo, zato so ti uhani primerni za vsakodnevno uporabo.<\/p>\n<p>Naro\u010dite ta edinstven kos nakita \u017ee danes in ga dodajte svoji kolekciji ali pa ga podarite kot darilo nekomu, ki mu je mar za okolje in trajnostnost.<\/p>\n<p>Velikost uhanov je 20 mm. Izdelani so iz ekolo\u0161ke smole in nerjave\u010dega jekla.<br \/>\nZa zatikanje prejmete tudi \u010depke iz nerjave\u010dega jekla.<\/p>\n<p>Vsi jekleni deli so iz nerjave\u010dega jekla in niso alergeni.<\/p>\n","protected":false},"excerpt":{"rendered":"<p>Zeleni veliki okrogli uhani z raznimi ble\u0161\u010dicami. Uhani so izdelani iz ekolo\u0161ke smole in nerjave\u010dega jekla, kar zagotavlja trajnostnost in odpornost. Zelena barva uhana simbolizira naravo in harmonijo, zato so primerni za vsakodnevno no\u0161enje ali za posebne prilo\u017enosti. Ble\u0161\u010dice na uhanih dodajajo pridih glamurja, ki bo zagotovo pritegnil pozornost in poudaril va\u0161o edinstveno osebnost. Ekolo\u0161ka [&hellip;]<\/p>\n","protected":false},"featured_media":12700,"comment_status":"open","ping_status":"closed","template":"","meta":{"_eb_attr":""},"product_cat":[198],"product_tag":[],"class_list":{"0":"post-12697","1":"product","2":"type-product","3":"status-publish","4":"has-post-thumbnail","6":"product_cat-klasicni-uhani","8":"first","9":"instock","10":"sold-individually","11":"purchasable","12":"product-type-simple"},"jetpack_sharing_enabled":true,"_links":{"self":[{"href":"https:\/\/shop.lilalom.com\/index.php\/wp-json\/wp\/v2\/product\/12697","targetHints":{"allow":["GET"]}}],"collection":[{"href":"https:\/\/shop.lilalom.com\/index.php\/wp-json\/wp\/v2\/product"}],"about":[{"href":"https:\/\/shop.lilalom.com\/index.php\/wp-json\/wp\/v2\/types\/product"}],"replies":[{"embeddable":true,"href":"https:\/\/shop.lilalom.com\/index.php\/wp-json\/wp\/v2\/comments?post=12697"}],"wp:featuredmedia":[{"embeddable":true,"href":"https:\/\/shop.lilalom.com\/index.php\/wp-json\/wp\/v2\/media\/12700"}],"wp:attachment":[{"href":"https:\/\/shop.lilalom.com\/index.php\/wp-json\/wp\/v2\/media?parent=12697"}],"wp:term":[{"taxonomy":"product_cat","embeddable":true,"href":"https:\/\/shop.lilalom.com\/index.php\/wp-json\/wp\/v2\/product_cat?post=12697"},{"taxonomy":"product_tag","embeddable":true,"href":"https:\/\/shop.lilalom.com\/index.php\/wp-json\/wp\/v2\/product_tag?post=12697"}],"curies":[{"name":"wp","href":"https:\/\/api.w.org\/{rel}","templated":true}]}}