{"id":13017,"date":"2024-06-06T12:00:54","date_gmt":"2024-06-06T10:00:54","guid":{"rendered":"https:\/\/shop.lilalom.com\/?post_type=product&#038;p=13017"},"modified":"2024-06-25T15:26:49","modified_gmt":"2024-06-25T13:26:49","slug":"komplet-komplet-ogrlice-in-uhanov-z-marjeticami","status":"publish","type":"product","link":"https:\/\/shop.lilalom.com\/index.php\/izdelek\/komplet-komplet-ogrlice-in-uhanov-z-marjeticami\/","title":{"rendered":"O\u010darljiv komplet ogrlice in uhanov z marjeticami"},"content":{"rendered":"<p data-sourcepos=\"3:1-3:40\">I\u0161\u010dete edinstven in \u010dudovit nakit, ki bo poudaril va\u0161o naravno lepoto? Potem ne i\u0161\u010dite dlje od tega o\u010darljivega kompleta ogrlice in uhanov z marjeticami!<\/p>\n<p data-sourcepos=\"5:1-5:79\">Ta ne\u017eni komplet je izdelan iz pravih cvetov marjetic, ki so skrbno ohranjeni v smoli in okra\u0161eni z zlatimi ble\u0161\u010dicami.<\/p>\n<p data-sourcepos=\"7:1-7:134\">Komplet je popoln za vsakodnevno no\u0161enje ali za posebne prilo\u017enosti. Je \u010dudovito darilo za prijateljico, sestro, mamo ali pa kar zase.<\/p>\n<p data-sourcepos=\"9:1-9:29\"><strong>Zakaj izbrati ta komplet?<\/strong><\/p>\n<ul data-sourcepos=\"11:1-14:50\">\n<li data-sourcepos=\"11:1-11:35\">Izdelan iz pravih cvetov marjetic<\/li>\n<li data-sourcepos=\"12:1-12:30\">Okra\u0161en z zlatimi ble\u0161\u010dicami<\/li>\n<li data-sourcepos=\"13:1-13:29\">Edinstven in \u010dudovit dizajn<\/li>\n<li data-sourcepos=\"14:1-14:50\">Popoln za vsakodnevno no\u0161enje ali za posebne prilo\u017enosti<\/li>\n<li data-sourcepos=\"15:1-16:0\">\u010cudovito darilo<\/li>\n<\/ul>\n<p data-sourcepos=\"17:1-17:73\"><strong>Naro\u010dite ta \u010dudoviti komplet \u0161e danes in se prepustite lepoti narave!<\/strong><\/p>\n<p data-sourcepos=\"19:1-19:24\"><strong>Dodatne informacije:<\/strong><\/p>\n<ul data-sourcepos=\"21:1-26:0\">\n<li data-sourcepos=\"21:1-21:50\">Material: Smola, pravi cvetovi marjetic, nerjave\u010de jeklo<\/li>\n<li data-sourcepos=\"22:1-22:35\">Velikost obeska za ogrlico: 28 mm<\/li>\n<li data-sourcepos=\"23:1-23:28\">Dol\u017eina ogrlice: cca 46 cm<\/li>\n<li data-sourcepos=\"24:1-24:24\">Velikost uhanov: 14 mm<\/li>\n<li data-sourcepos=\"25:1-26:0\">Dol\u017eina uhanov: ca 3 cm<\/li>\n<\/ul>\n<p data-sourcepos=\"27:1-27:160\"><strong>Opomba:<\/strong> Vsak komplet je edinstven, saj so cvetovi marjetic naravni. Zaradi tega se lahko barve in oblika cvetov nekoliko razlikujejo od prikazanih na sliki.<\/p>\n","protected":false},"excerpt":{"rendered":"<p>I\u0161\u010dete edinstven in \u010dudovit nakit, ki bo poudaril va\u0161o naravno lepoto? Potem ne i\u0161\u010dite dlje od tega o\u010darljivega kompleta ogrlice in uhanov z marjeticami! Ta ne\u017eni komplet je izdelan iz pravih cvetov marjetic, ki so skrbno ohranjeni v smoli in okra\u0161eni z zlatimi ble\u0161\u010dicami. Komplet je popoln za vsakodnevno no\u0161enje ali za posebne prilo\u017enosti. Je [&hellip;]<\/p>\n","protected":false},"featured_media":13022,"comment_status":"open","ping_status":"closed","template":"","meta":{"_eb_attr":""},"product_cat":[23,199,27],"product_tag":[],"class_list":{"0":"post-13017","1":"product","2":"type-product","3":"status-publish","4":"has-post-thumbnail","6":"product_cat-ogrlice","7":"product_cat-viseci-uhani","8":"product_cat-kompleti","10":"first","11":"instock","12":"sold-individually","13":"purchasable","14":"product-type-simple"},"jetpack_sharing_enabled":true,"_links":{"self":[{"href":"https:\/\/shop.lilalom.com\/index.php\/wp-json\/wp\/v2\/product\/13017","targetHints":{"allow":["GET"]}}],"collection":[{"href":"https:\/\/shop.lilalom.com\/index.php\/wp-json\/wp\/v2\/product"}],"about":[{"href":"https:\/\/shop.lilalom.com\/index.php\/wp-json\/wp\/v2\/types\/product"}],"replies":[{"embeddable":true,"href":"https:\/\/shop.lilalom.com\/index.php\/wp-json\/wp\/v2\/comments?post=13017"}],"wp:featuredmedia":[{"embeddable":true,"href":"https:\/\/shop.lilalom.com\/index.php\/wp-json\/wp\/v2\/media\/13022"}],"wp:attachment":[{"href":"https:\/\/shop.lilalom.com\/index.php\/wp-json\/wp\/v2\/media?parent=13017"}],"wp:term":[{"taxonomy":"product_cat","embeddable":true,"href":"https:\/\/shop.lilalom.com\/index.php\/wp-json\/wp\/v2\/product_cat?post=13017"},{"taxonomy":"product_tag","embeddable":true,"href":"https:\/\/shop.lilalom.com\/index.php\/wp-json\/wp\/v2\/product_tag?post=13017"}],"curies":[{"name":"wp","href":"https:\/\/api.w.org\/{rel}","templated":true}]}}