{"id":13028,"date":"2024-06-06T16:24:53","date_gmt":"2024-06-06T14:24:53","guid":{"rendered":"https:\/\/shop.lilalom.com\/?post_type=product&#038;p=13028"},"modified":"2024-06-06T16:32:44","modified_gmt":"2024-06-06T14:32:44","slug":"komplet-modra-broska-in-zapestnica","status":"publish","type":"product","link":"https:\/\/shop.lilalom.com\/index.php\/izdelek\/komplet-modra-broska-in-zapestnica\/","title":{"rendered":"Elegantni komplet bro\u0161ke in zapestnice v vijol\u010dni barvi"},"content":{"rendered":"<p data-sourcepos=\"3:1-3:60\">Poudarite svojo eleganco s tem \u010dudovitim kompletom bro\u0161ke in zapestnice v vijol\u010dni barvi! Ta prefinjen komplet je izdelan iz visokokakovostnih materialov in je okra\u0161en s svetle\u010dimi listi\u010di, ki bodo pritegnili pozornost vseh.<\/p>\n<p data-sourcepos=\"5:1-5:44\">Bro\u0161ka se lahko nosi na jopi\u010du, bluzi ali katerem koli drugem obla\u010dilu.<\/p>\n<p data-sourcepos=\"7:1-7:134\">Komplet je popoln za vsakodnevno no\u0161enje ali za posebne prilo\u017enosti. Je \u010dudovito darilo za prijateljico, sestro, mamo ali pa kar zase.<\/p>\n<p data-sourcepos=\"9:1-9:29\"><strong>Zakaj izbrati ta komplet?<\/strong><\/p>\n<ul data-sourcepos=\"11:1-13:24\">\n<li data-sourcepos=\"11:1-11:31\">Eleganten in prefinjen dizajn<\/li>\n<li data-sourcepos=\"12:1-12:41\">Izdelan iz visokokakovostnih materialov<\/li>\n<li data-sourcepos=\"13:1-13:24\">Okra\u0161en s svetle\u010dimi listi\u010di<\/li>\n<li data-sourcepos=\"14:1-14:58\">Popoln za vsakodnevno no\u0161enje ali za posebne prilo\u017enosti<\/li>\n<li data-sourcepos=\"15:1-16:0\">\u010cudovito darilo<\/li>\n<\/ul>\n<p data-sourcepos=\"17:1-17:69\"><strong>Naro\u010dite ta \u010dudoviti komplet \u0161e danes in zasija v modri eleganci!<\/strong><\/p>\n<p data-sourcepos=\"19:1-19:24\"><strong>Dodatne informacije:<\/strong><\/p>\n<ul data-sourcepos=\"21:1-25:0\">\n<li data-sourcepos=\"21:1-21:49\">Material: Nerjave\u010de jeklo, epoksi, svetle\u010di listi\u010di<\/li>\n<li data-sourcepos=\"22:1-22:26\">\u0160irina zapestnice: 12 mm<\/li>\n<li data-sourcepos=\"23:1-23:46\">Dol\u017eina zapestnice: cca 20 cm (z podalj\u0161kom)<\/li>\n<li data-sourcepos=\"24:1-25:0\">Premer bro\u0161ke: 21 mm<\/li>\n<\/ul>\n","protected":false},"excerpt":{"rendered":"<p>Poudarite svojo eleganco s tem \u010dudovitim kompletom bro\u0161ke in zapestnice v vijol\u010dni barvi! Ta prefinjen komplet je izdelan iz visokokakovostnih materialov in je okra\u0161en s svetle\u010dimi listi\u010di, ki bodo pritegnili pozornost vseh. Bro\u0161ka se lahko nosi na jopi\u010du, bluzi ali katerem koli drugem obla\u010dilu. Komplet je popoln za vsakodnevno no\u0161enje ali za posebne prilo\u017enosti. Je [&hellip;]<\/p>\n","protected":false},"featured_media":13030,"comment_status":"open","ping_status":"closed","template":"","meta":{"_eb_attr":""},"product_cat":[24,27],"product_tag":[],"class_list":{"0":"post-13028","1":"product","2":"type-product","3":"status-publish","4":"has-post-thumbnail","6":"product_cat-zapestnice","7":"product_cat-kompleti","9":"first","10":"instock","11":"sold-individually","12":"purchasable","13":"product-type-simple"},"jetpack_sharing_enabled":true,"_links":{"self":[{"href":"https:\/\/shop.lilalom.com\/index.php\/wp-json\/wp\/v2\/product\/13028","targetHints":{"allow":["GET"]}}],"collection":[{"href":"https:\/\/shop.lilalom.com\/index.php\/wp-json\/wp\/v2\/product"}],"about":[{"href":"https:\/\/shop.lilalom.com\/index.php\/wp-json\/wp\/v2\/types\/product"}],"replies":[{"embeddable":true,"href":"https:\/\/shop.lilalom.com\/index.php\/wp-json\/wp\/v2\/comments?post=13028"}],"wp:featuredmedia":[{"embeddable":true,"href":"https:\/\/shop.lilalom.com\/index.php\/wp-json\/wp\/v2\/media\/13030"}],"wp:attachment":[{"href":"https:\/\/shop.lilalom.com\/index.php\/wp-json\/wp\/v2\/media?parent=13028"}],"wp:term":[{"taxonomy":"product_cat","embeddable":true,"href":"https:\/\/shop.lilalom.com\/index.php\/wp-json\/wp\/v2\/product_cat?post=13028"},{"taxonomy":"product_tag","embeddable":true,"href":"https:\/\/shop.lilalom.com\/index.php\/wp-json\/wp\/v2\/product_tag?post=13028"}],"curies":[{"name":"wp","href":"https:\/\/api.w.org\/{rel}","templated":true}]}}