{"id":13173,"date":"2024-10-29T15:16:28","date_gmt":"2024-10-29T14:16:28","guid":{"rendered":"https:\/\/shop.lilalom.com\/?post_type=product&#038;p=13173"},"modified":"2025-01-22T14:46:13","modified_gmt":"2025-01-22T13:46:13","slug":"vintage-broska-z-vrtnico-in-zlatimi-listici","status":"publish","type":"product","link":"https:\/\/shop.lilalom.com\/index.php\/izdelek\/vintage-broska-z-vrtnico-in-zlatimi-listici\/","title":{"rendered":"Vintage bro\u0161ka z vrtnico in zlatimi listi\u010di"},"content":{"rendered":"<div><\/div>\n<div data-content=\"ai-message\">\n<div class=\"space-y-3 break-words\">\n<p>Dodajte pridih elegance in preteklosti z na\u0161o vintage bro\u0161ko, ki jo krasita vrtnica in zlati listi\u010di. Ta unikatna bro\u0161ka je idealen dodatek za vse prilo\u017enosti.<\/p>\n<ul>\n<li><strong>Velikost bro\u0161ke<\/strong>: 48 x 38 mm<\/li>\n<li><strong>Material<\/strong>: Medenina<\/li>\n<li><strong>Zapiranje<\/strong>: Klasi\u010dno zapiranje z iglo<\/li>\n<\/ul>\n<p>O\u010darljiva in elegantna bro\u0161ka, ki bo zagotovo pritegnila poglede. Popolna za vse, ki cenijo vintid\u017e stil in ro\u010dno izdelane dodatke.<\/p>\n<\/div>\n<\/div>\n","protected":false},"excerpt":{"rendered":"<p>Dodajte pridih elegance in preteklosti z na\u0161o vintage bro\u0161ko, ki jo krasita vrtnica in zlati listi\u010di. Ta unikatna bro\u0161ka je idealen dodatek za vse prilo\u017enosti. Velikost bro\u0161ke: 48 x 38 mm Material: Medenina Zapiranje: Klasi\u010dno zapiranje z iglo O\u010darljiva in elegantna bro\u0161ka, ki bo zagotovo pritegnila poglede. Popolna za vse, ki cenijo vintid\u017e stil in [&hellip;]<\/p>\n","protected":false},"featured_media":13174,"comment_status":"open","ping_status":"closed","template":"","meta":{"_eb_attr":""},"product_cat":[216,16],"product_tag":[],"class_list":{"0":"post-13173","1":"product","2":"type-product","3":"status-publish","4":"has-post-thumbnail","6":"product_cat-danzena","7":"product_cat-ostalo","9":"first","10":"instock","11":"sold-individually","12":"purchasable","13":"product-type-simple"},"jetpack_sharing_enabled":true,"_links":{"self":[{"href":"https:\/\/shop.lilalom.com\/index.php\/wp-json\/wp\/v2\/product\/13173","targetHints":{"allow":["GET"]}}],"collection":[{"href":"https:\/\/shop.lilalom.com\/index.php\/wp-json\/wp\/v2\/product"}],"about":[{"href":"https:\/\/shop.lilalom.com\/index.php\/wp-json\/wp\/v2\/types\/product"}],"replies":[{"embeddable":true,"href":"https:\/\/shop.lilalom.com\/index.php\/wp-json\/wp\/v2\/comments?post=13173"}],"wp:featuredmedia":[{"embeddable":true,"href":"https:\/\/shop.lilalom.com\/index.php\/wp-json\/wp\/v2\/media\/13174"}],"wp:attachment":[{"href":"https:\/\/shop.lilalom.com\/index.php\/wp-json\/wp\/v2\/media?parent=13173"}],"wp:term":[{"taxonomy":"product_cat","embeddable":true,"href":"https:\/\/shop.lilalom.com\/index.php\/wp-json\/wp\/v2\/product_cat?post=13173"},{"taxonomy":"product_tag","embeddable":true,"href":"https:\/\/shop.lilalom.com\/index.php\/wp-json\/wp\/v2\/product_tag?post=13173"}],"curies":[{"name":"wp","href":"https:\/\/api.w.org\/{rel}","templated":true}]}}