{"id":13176,"date":"2024-10-30T09:26:23","date_gmt":"2024-10-30T08:26:23","guid":{"rendered":"https:\/\/shop.lilalom.com\/?post_type=product&#038;p=13176"},"modified":"2024-10-30T09:29:17","modified_gmt":"2024-10-30T08:29:17","slug":"sponki-za-lase-z-travniskimi-cvetlicami","status":"publish","type":"product","link":"https:\/\/shop.lilalom.com\/index.php\/izdelek\/sponki-za-lase-z-travniskimi-cvetlicami\/","title":{"rendered":"Sponki za lase z travni\u0161kimi cvetlicami"},"content":{"rendered":"<p>Vnesi \u010dar narave v svoj vsakdan z elegantnimi sponkami za lase, okra\u0161enimi s prelepimi travni\u0161kimi cvetlicami. Vsaka sponka je skrbno izdelana z mislijo na prefinjenost in unikaten izgled.<br \/>\nVe\u010dja sponka, velikosti 62&#215;24 mm, je popolna za drznej\u0161e modne kombinacije, medtem ko manj\u0161a sponka, velikosti 62&#215;12 mm, ponuja subtilno eleganco za vsakdanje no\u0161enje.<\/p>\n<p>S tema \u010dudovitima dodatkoma bo tvoj videz izstopal in pritegnil pozornost. Popoln modni dodatek, ki zdru\u017euje naravno lepoto in funkcionalnost.<\/p>\n<p>Obe sponki sta kot komplet!<\/p>\n","protected":false},"excerpt":{"rendered":"<p>Vnesi \u010dar narave v svoj vsakdan z elegantnimi sponkami za lase, okra\u0161enimi s prelepimi travni\u0161kimi cvetlicami. Vsaka sponka je skrbno izdelana z mislijo na prefinjenost in unikaten izgled. Ve\u010dja sponka, velikosti 62&#215;24 mm, je popolna za drznej\u0161e modne kombinacije, medtem ko manj\u0161a sponka, velikosti 62&#215;12 mm, ponuja subtilno eleganco za vsakdanje no\u0161enje. S tema \u010dudovitima [&hellip;]<\/p>\n","protected":false},"featured_media":13177,"comment_status":"open","ping_status":"closed","template":"","meta":{"_eb_attr":""},"product_cat":[16],"product_tag":[],"class_list":{"0":"post-13176","1":"product","2":"type-product","3":"status-publish","4":"has-post-thumbnail","6":"product_brand-lilalom","7":"product_cat-ostalo","9":"first","10":"instock","11":"sold-individually","12":"purchasable","13":"product-type-simple"},"jetpack_sharing_enabled":true,"_links":{"self":[{"href":"https:\/\/shop.lilalom.com\/index.php\/wp-json\/wp\/v2\/product\/13176","targetHints":{"allow":["GET"]}}],"collection":[{"href":"https:\/\/shop.lilalom.com\/index.php\/wp-json\/wp\/v2\/product"}],"about":[{"href":"https:\/\/shop.lilalom.com\/index.php\/wp-json\/wp\/v2\/types\/product"}],"replies":[{"embeddable":true,"href":"https:\/\/shop.lilalom.com\/index.php\/wp-json\/wp\/v2\/comments?post=13176"}],"wp:featuredmedia":[{"embeddable":true,"href":"https:\/\/shop.lilalom.com\/index.php\/wp-json\/wp\/v2\/media\/13177"}],"wp:attachment":[{"href":"https:\/\/shop.lilalom.com\/index.php\/wp-json\/wp\/v2\/media?parent=13176"}],"wp:term":[{"taxonomy":"product_cat","embeddable":true,"href":"https:\/\/shop.lilalom.com\/index.php\/wp-json\/wp\/v2\/product_cat?post=13176"},{"taxonomy":"product_tag","embeddable":true,"href":"https:\/\/shop.lilalom.com\/index.php\/wp-json\/wp\/v2\/product_tag?post=13176"}],"curies":[{"name":"wp","href":"https:\/\/api.w.org\/{rel}","templated":true}]}}