{"id":13253,"date":"2024-11-04T14:23:04","date_gmt":"2024-11-04T13:23:04","guid":{"rendered":"https:\/\/shop.lilalom.com\/?post_type=product&#038;p=13253"},"modified":"2024-11-12T10:36:34","modified_gmt":"2024-11-12T09:36:34","slug":"drevo-zivljenja-iz-pravih-las","status":"publish","type":"product","link":"https:\/\/shop.lilalom.com\/index.php\/izdelek\/drevo-zivljenja-iz-pravih-las\/","title":{"rendered":"Drevo \u017eivljenja iz pravih las"},"content":{"rendered":"<p>Ovekove\u010dite spomine za vedno s \u010dudovitim drevesom \u017eivljenja, prepleteno iz pravih las. Ta edinstven izdelek slu\u017ei kot popoln ve\u010dni spomin na vas ali va\u0161o ljubljeno osebo, saj na resni\u010dno oseben na\u010din ujame bistvo..<\/p>\n<p>Drevo \u017eivljenja simbolizira rast, mo\u010d in povezanost vsega \u017eivljenja. Z uporabo pravih las ta kos postane globoko oseben in pomenljiv spominek. Izbirate lahko med tremi \u010dudovitimi mo\u017enostmi: zlatimi listi\u010di, srebrnimi listi\u010di ali z pravimi del\u010dki cvetov. Vsaka mo\u017enost dodaja svoj edinstven pridih elegance in lepote.<\/p>\n<p>Na voljo v razli\u010dnih velikostih okvirjev, je idealno darilo za posebne prilo\u017enosti ali edinstven okras za va\u0161 dom. \u010ce imate posebne \u017eelje ali \u017eelite vklju\u010diti dolo\u010deno rastlino v sliko, nam jo skupaj z lasmi po\u0161ljite. Predani smo ustvarjanju kosa, ki resni\u010dno odra\u017ea va\u0161o vizijo in spomine.<\/p>\n<p><strong>Navodila za naro\u010danje:<\/strong><\/p>\n<ol start=\"1\">\n<li>Po oddaji naro\u010dila previdno spakirate \u010diste lase tako, da jih postavite med dva kosa papirja in oblepite. Lahko je tudi kuverta. Pazite, da lasje niso prepognjeni.<\/li>\n<li>Nato vse skupaj dajte v oblazinjeno kuverto z mehur\u010dki.<\/li>\n<li>Paket po\u0161ljete na na\u0161 naslov, vklju\u010dno s \u0161tevilko naro\u010dila in imenom po\u0161iljatelja za la\u017ejo identifikacijo.<\/li>\n<\/ol>\n<p><strong>Naj vam pomagamo ustvariti brez\u010dasen spominek, ki bo cenjen generacije.<\/strong><\/p>\n","protected":false},"excerpt":{"rendered":"<p>Ovekove\u010dite spomine za vedno s \u010dudovitim drevesom \u017eivljenja, prepleteno iz pravih las. Ta edinstven izdelek slu\u017ei kot popoln ve\u010dni spomin na vas ali va\u0161o ljubljeno osebo, saj na resni\u010dno oseben na\u010din ujame bistvo.. Drevo \u017eivljenja simbolizira rast, mo\u010d in povezanost vsega \u017eivljenja. Z uporabo pravih las ta kos postane globoko oseben in pomenljiv spominek. Izbirate [&hellip;]<\/p>\n","protected":false},"featured_media":13259,"comment_status":"open","ping_status":"closed","template":"","meta":{"_eb_attr":""},"product_cat":[203],"product_tag":[],"class_list":{"0":"post-13253","1":"product","2":"type-product","3":"status-publish","4":"has-post-thumbnail","6":"product_brand-lilalom","7":"product_cat-izdelki-po-narocilu","9":"first","10":"instock","11":"featured","12":"sold-individually","13":"purchasable","14":"product-type-variable"},"jetpack_sharing_enabled":true,"_links":{"self":[{"href":"https:\/\/shop.lilalom.com\/index.php\/wp-json\/wp\/v2\/product\/13253","targetHints":{"allow":["GET"]}}],"collection":[{"href":"https:\/\/shop.lilalom.com\/index.php\/wp-json\/wp\/v2\/product"}],"about":[{"href":"https:\/\/shop.lilalom.com\/index.php\/wp-json\/wp\/v2\/types\/product"}],"replies":[{"embeddable":true,"href":"https:\/\/shop.lilalom.com\/index.php\/wp-json\/wp\/v2\/comments?post=13253"}],"wp:featuredmedia":[{"embeddable":true,"href":"https:\/\/shop.lilalom.com\/index.php\/wp-json\/wp\/v2\/media\/13259"}],"wp:attachment":[{"href":"https:\/\/shop.lilalom.com\/index.php\/wp-json\/wp\/v2\/media?parent=13253"}],"wp:term":[{"taxonomy":"product_cat","embeddable":true,"href":"https:\/\/shop.lilalom.com\/index.php\/wp-json\/wp\/v2\/product_cat?post=13253"},{"taxonomy":"product_tag","embeddable":true,"href":"https:\/\/shop.lilalom.com\/index.php\/wp-json\/wp\/v2\/product_tag?post=13253"}],"curies":[{"name":"wp","href":"https:\/\/api.w.org\/{rel}","templated":true}]}}