{"id":13286,"date":"2024-11-12T11:11:01","date_gmt":"2024-11-12T10:11:01","guid":{"rendered":"https:\/\/shop.lilalom.com\/?post_type=product&#038;p=13286"},"modified":"2024-11-12T11:16:42","modified_gmt":"2024-11-12T10:16:42","slug":"transparentni-izstopajoci-viseci-uhani-z-travniskim-cvetom","status":"publish","type":"product","link":"https:\/\/shop.lilalom.com\/index.php\/izdelek\/transparentni-izstopajoci-viseci-uhani-z-travniskim-cvetom\/","title":{"rendered":"Transparentni izstopajo\u010di vise\u010di uhani z travni\u0161kim cvetom"},"content":{"rendered":"<p>Dodajte pridih naravne lepote svoji zbirki nakita s temi elegantnimi vise\u010dimi uhani. Ti \u010dudoviti uhani zdru\u017eujejo prosojnost in naravno estetiko, saj vsebujejo pravi travni\u0161ki cvet, ne\u017eno ujet v obesek velikosti 25 x 17 mm. Celotna dol\u017eina vise\u010dih uhanov meri 4,5 cm, kar jim daje prefinjen videz, primeren za vsakodnevno no\u0161enje ali posebne prilo\u017enosti.<\/p>\n<p>Vsak kos je izdelan iz visoko kakovostnega nerjave\u010dega jekla, kar zagotavlja, da so uhani odporni proti rji, ne povzro\u010dajo alergij in so izjemno trpe\u017eni. Prosojni obeski z rastlinskimi motivi prina\u0161ajo edinstveno naravno noto, ki se ujema z razli\u010dnimi stili in obla\u010dili.<\/p>\n<p><strong>Lastnosti:<\/strong><\/p>\n<ul>\n<li><strong>Naravni elementi:<\/strong> Pravi travni\u0161ki cvetovi, ujeta v prosojni obesek, prina\u0161ajo sve\u017eino in edinstvenost.<\/li>\n<li><strong>Vzdr\u017eljiv material:<\/strong> Vsi deli so iz nerjave\u010dega jekla, kar zagotavlja dolgo \u017eivljenjsko dobo in hipoalergensko kvaliteto.<\/li>\n<\/ul>\n<p>Ti uhani so popoln dodatek za ljubitelje narave, ki \u017eelijo nositi kos narave vedno s seboj. Prav tako so \u010dudovito darilo za posebne prilo\u017enosti, kot so rojstni dnevi, obletnice, ali kot pozorno darilo za nekoga, ki ga imate radi.<\/p>\n","protected":false},"excerpt":{"rendered":"<p>Dodajte pridih naravne lepote svoji zbirki nakita s temi elegantnimi vise\u010dimi uhani. Ti \u010dudoviti uhani zdru\u017eujejo prosojnost in naravno estetiko, saj vsebujejo pravi travni\u0161ki cvet, ne\u017eno ujet v obesek velikosti 25 x 17 mm. Celotna dol\u017eina vise\u010dih uhanov meri 4,5 cm, kar jim daje prefinjen videz, primeren za vsakodnevno no\u0161enje ali posebne prilo\u017enosti. Vsak kos [&hellip;]<\/p>\n","protected":false},"featured_media":13287,"comment_status":"open","ping_status":"closed","template":"","meta":{"_eb_attr":""},"product_cat":[199],"product_tag":[],"class_list":{"0":"post-13286","1":"product","2":"type-product","3":"status-publish","4":"has-post-thumbnail","6":"product_brand-lilalom","7":"product_cat-viseci-uhani","9":"first","10":"instock","11":"sold-individually","12":"purchasable","13":"product-type-simple"},"jetpack_sharing_enabled":true,"_links":{"self":[{"href":"https:\/\/shop.lilalom.com\/index.php\/wp-json\/wp\/v2\/product\/13286","targetHints":{"allow":["GET"]}}],"collection":[{"href":"https:\/\/shop.lilalom.com\/index.php\/wp-json\/wp\/v2\/product"}],"about":[{"href":"https:\/\/shop.lilalom.com\/index.php\/wp-json\/wp\/v2\/types\/product"}],"replies":[{"embeddable":true,"href":"https:\/\/shop.lilalom.com\/index.php\/wp-json\/wp\/v2\/comments?post=13286"}],"wp:featuredmedia":[{"embeddable":true,"href":"https:\/\/shop.lilalom.com\/index.php\/wp-json\/wp\/v2\/media\/13287"}],"wp:attachment":[{"href":"https:\/\/shop.lilalom.com\/index.php\/wp-json\/wp\/v2\/media?parent=13286"}],"wp:term":[{"taxonomy":"product_cat","embeddable":true,"href":"https:\/\/shop.lilalom.com\/index.php\/wp-json\/wp\/v2\/product_cat?post=13286"},{"taxonomy":"product_tag","embeddable":true,"href":"https:\/\/shop.lilalom.com\/index.php\/wp-json\/wp\/v2\/product_tag?post=13286"}],"curies":[{"name":"wp","href":"https:\/\/api.w.org\/{rel}","templated":true}]}}