{"id":13578,"date":"2024-12-11T11:03:36","date_gmt":"2024-12-11T10:03:36","guid":{"rendered":"https:\/\/shop.lilalom.com\/?post_type=product&#038;p=13578"},"modified":"2024-12-11T11:45:05","modified_gmt":"2024-12-11T10:45:05","slug":"elegantni-podolgovati-viseci-uhani-z-blescicami","status":"publish","type":"product","link":"https:\/\/shop.lilalom.com\/index.php\/izdelek\/elegantni-podolgovati-viseci-uhani-z-blescicami\/","title":{"rendered":"Elegantni podolgovati vise\u010di uhani z ble\u0161\u010dicami"},"content":{"rendered":"<p>Dodajte pridih elegance svoji zbirki nakita z na\u0161imi elegantnimi podolgovatimi vise\u010dimi uhani, okra\u0161enimi z ble\u0161\u010dicami. Ti uhani so popolni za vsako prilo\u017enost, saj zdru\u017eujejo prefinjen dizajn in ble\u0161\u010de\u010d videz.<\/p>\n<p><strong>Podrobnosti izdelka:<\/strong><\/p>\n<ul>\n<li><strong>Velikost uhanov:<\/strong> 27&#215;11 mm, kar zagotavlja opazno, a elegantno prisotnost.<\/li>\n<li><strong>Celotna dol\u017eina uhana:<\/strong> 46 mm, kar ustvarja \u010dudovit padec, ki lepo dopolnjuje va\u0161 obraz.<\/li>\n<li><strong>Material:<\/strong> Uhani so izdelani iz nerjave\u010dega jekla, kar zagotavlja trajnost in odpornost na rjo, poleg tega pa so varni za ob\u010dutljivo ko\u017eo.<\/li>\n<\/ul>\n<p><strong>Zakaj izbrati na\u0161e podolgovate vise\u010de uhane?<\/strong><\/p>\n<ul>\n<li><strong>Prefinjen dizajn:<\/strong> Ble\u0161\u010dice dodajo iskrico in eleganco, zaradi \u010desar so uhani popolni za vsako prilo\u017enost.<\/li>\n<li><strong>Visokokakovostni materiali:<\/strong> Nerjave\u010de jeklo zagotavlja dolgotrajnost in varnost za no\u0161enje, tudi za tiste z ob\u010dutljivo ko\u017eo.<\/li>\n<li><strong>Vsakodnevna in posebna eleganca:<\/strong> Ti uhani so idealni tako za vsakodnevno no\u0161enje kot za posebne prilo\u017enosti, saj njihov prefinjen dizajn dopolnjuje vsak stil.<\/li>\n<\/ul>\n","protected":false},"excerpt":{"rendered":"<p>Dodajte pridih elegance svoji zbirki nakita z na\u0161imi elegantnimi podolgovatimi vise\u010dimi uhani, okra\u0161enimi z ble\u0161\u010dicami. Ti uhani so popolni za vsako prilo\u017enost, saj zdru\u017eujejo prefinjen dizajn in ble\u0161\u010de\u010d videz. Podrobnosti izdelka: Velikost uhanov: 27&#215;11 mm, kar zagotavlja opazno, a elegantno prisotnost. Celotna dol\u017eina uhana: 46 mm, kar ustvarja \u010dudovit padec, ki lepo dopolnjuje va\u0161 obraz. [&hellip;]<\/p>\n","protected":false},"featured_media":13579,"comment_status":"open","ping_status":"closed","template":"","meta":{"_eb_attr":""},"product_cat":[199],"product_tag":[],"class_list":{"0":"post-13578","1":"product","2":"type-product","3":"status-publish","4":"has-post-thumbnail","6":"product_cat-viseci-uhani","8":"first","9":"instock","10":"sold-individually","11":"purchasable","12":"product-type-simple"},"jetpack_sharing_enabled":true,"_links":{"self":[{"href":"https:\/\/shop.lilalom.com\/index.php\/wp-json\/wp\/v2\/product\/13578","targetHints":{"allow":["GET"]}}],"collection":[{"href":"https:\/\/shop.lilalom.com\/index.php\/wp-json\/wp\/v2\/product"}],"about":[{"href":"https:\/\/shop.lilalom.com\/index.php\/wp-json\/wp\/v2\/types\/product"}],"replies":[{"embeddable":true,"href":"https:\/\/shop.lilalom.com\/index.php\/wp-json\/wp\/v2\/comments?post=13578"}],"wp:featuredmedia":[{"embeddable":true,"href":"https:\/\/shop.lilalom.com\/index.php\/wp-json\/wp\/v2\/media\/13579"}],"wp:attachment":[{"href":"https:\/\/shop.lilalom.com\/index.php\/wp-json\/wp\/v2\/media?parent=13578"}],"wp:term":[{"taxonomy":"product_cat","embeddable":true,"href":"https:\/\/shop.lilalom.com\/index.php\/wp-json\/wp\/v2\/product_cat?post=13578"},{"taxonomy":"product_tag","embeddable":true,"href":"https:\/\/shop.lilalom.com\/index.php\/wp-json\/wp\/v2\/product_tag?post=13578"}],"curies":[{"name":"wp","href":"https:\/\/api.w.org\/{rel}","templated":true}]}}