{"id":13582,"date":"2024-12-11T13:12:58","date_gmt":"2024-12-11T12:12:58","guid":{"rendered":"https:\/\/shop.lilalom.com\/?post_type=product&#038;p=13582"},"modified":"2024-12-14T15:45:52","modified_gmt":"2024-12-14T14:45:52","slug":"ogrlica-z-poldargim-kamnom-tigrovo-oko","status":"publish","type":"product","link":"https:\/\/shop.lilalom.com\/index.php\/izdelek\/ogrlica-z-poldargim-kamnom-tigrovo-oko\/","title":{"rendered":"Ogrlica z pol dragim kamnom tigrovo oko"},"content":{"rendered":"<p>Dopolnite svojo zbirko nakita z na\u0161o prefinjeno ogrlico, ki vklju\u010duje poldragi kamen tigrovo oko. Ta elegantna ogrlica zdru\u017euje naravno lepoto in sodoben dizajn, zaradi \u010desar je popoln dodatek za vsako prilo\u017enost.<\/p>\n<p><strong>Podrobnosti izdelka:<\/strong><\/p>\n<ul>\n<li><strong>Velikost obeska:<\/strong> 3 cm, kar ustvarja \u010dudovit osrednji kos, ki pritegne poglede.<\/li>\n<li><strong>Dol\u017eina ogrlice:<\/strong> 45 cm, kar omogo\u010da, da se ogrlica lepo prilega va\u0161emu vratu.<\/li>\n<li><strong>Material:<\/strong> Izdelana iz nerjave\u010dega jekla, kar zagotavlja trajnost in odpornost proti rji, poleg tega pa je varen za ob\u010dutljivo ko\u017eo.<\/li>\n<li><strong>Poldragi kamen:<\/strong> Pravi poldragi kamen tigrovo oko, ki je solidne velikosti, dodaja edinstven in \u010dudovit pridih naravne lepote.<\/li>\n<\/ul>\n<p><strong>Zakaj izbrati na\u0161o ogrlico s tigrovim o\u010desom?<\/strong><\/p>\n<ul>\n<li><strong>Naravna lepota:<\/strong> Kamen tigrovo oko prina\u0161a naravni sijaj in edinstveno barvo, ki dopolnjuje vsak slog.<\/li>\n<li><strong>Visokokakovostni materiali:<\/strong> Nerjave\u010de jeklo zagotavlja dolgotrajnost in varnost za no\u0161enje.<\/li>\n<li><strong>Eleganten dizajn:<\/strong> Ogrlica zdru\u017euje eleganco in naravno lepoto, zaradi \u010desar je primerna za vsakodnevno no\u0161enje ali posebne prilo\u017enosti.<\/li>\n<\/ul>\n","protected":false},"excerpt":{"rendered":"<p>Dopolnite svojo zbirko nakita z na\u0161o prefinjeno ogrlico, ki vklju\u010duje poldragi kamen tigrovo oko. Ta elegantna ogrlica zdru\u017euje naravno lepoto in sodoben dizajn, zaradi \u010desar je popoln dodatek za vsako prilo\u017enost. Podrobnosti izdelka: Velikost obeska: 3 cm, kar ustvarja \u010dudovit osrednji kos, ki pritegne poglede. Dol\u017eina ogrlice: 45 cm, kar omogo\u010da, da se ogrlica lepo [&hellip;]<\/p>\n","protected":false},"featured_media":13584,"comment_status":"open","ping_status":"closed","template":"","meta":{"_eb_attr":""},"product_cat":[23],"product_tag":[],"class_list":{"0":"post-13582","1":"product","2":"type-product","3":"status-publish","4":"has-post-thumbnail","6":"product_brand-lilalom","7":"product_cat-ogrlice","9":"first","10":"instock","11":"sale","12":"sold-individually","13":"purchasable","14":"product-type-simple"},"jetpack_sharing_enabled":true,"_links":{"self":[{"href":"https:\/\/shop.lilalom.com\/index.php\/wp-json\/wp\/v2\/product\/13582","targetHints":{"allow":["GET"]}}],"collection":[{"href":"https:\/\/shop.lilalom.com\/index.php\/wp-json\/wp\/v2\/product"}],"about":[{"href":"https:\/\/shop.lilalom.com\/index.php\/wp-json\/wp\/v2\/types\/product"}],"replies":[{"embeddable":true,"href":"https:\/\/shop.lilalom.com\/index.php\/wp-json\/wp\/v2\/comments?post=13582"}],"wp:featuredmedia":[{"embeddable":true,"href":"https:\/\/shop.lilalom.com\/index.php\/wp-json\/wp\/v2\/media\/13584"}],"wp:attachment":[{"href":"https:\/\/shop.lilalom.com\/index.php\/wp-json\/wp\/v2\/media?parent=13582"}],"wp:term":[{"taxonomy":"product_cat","embeddable":true,"href":"https:\/\/shop.lilalom.com\/index.php\/wp-json\/wp\/v2\/product_cat?post=13582"},{"taxonomy":"product_tag","embeddable":true,"href":"https:\/\/shop.lilalom.com\/index.php\/wp-json\/wp\/v2\/product_tag?post=13582"}],"curies":[{"name":"wp","href":"https:\/\/api.w.org\/{rel}","templated":true}]}}