{"id":13948,"date":"2025-03-13T11:38:24","date_gmt":"2025-03-13T10:38:24","guid":{"rendered":"https:\/\/shop.lilalom.com\/?post_type=product&#038;p=13948"},"modified":"2026-03-18T08:33:01","modified_gmt":"2026-03-18T07:33:01","slug":"klasicni-okrogli-uhani-z-kameleon-blescicami","status":"publish","type":"product","link":"https:\/\/shop.lilalom.com\/index.php\/izdelek\/klasicni-okrogli-uhani-z-kameleon-blescicami\/","title":{"rendered":"Klasi\u010dni okrogli uhani z kameleon ble\u0161\u010dicami"},"content":{"rendered":"<p>Dodajte pridih elegancije svojemu videzu s temi klasi\u010dnimi okroglimi uhani. Ble\u0161\u010dice se svetijo v roza-vijoli\u010dnih tonih pod razli\u010dnimi koti, kar ustvarja \u010dudovit vizualni u\u010dinek. Uhani so izdelani iz nerjave\u010dega jekla in smole, kar zagotavlja njihovo trajnost in lepoto.<\/p>\n<ul>\n<li><strong>Material:<\/strong> Nerjave\u010de jeklo in smola<\/li>\n<li><strong>Detajli:<\/strong> Kameleon ble\u0161\u010dice<\/li>\n<li><strong>Velikost:<\/strong> Pribli\u017eno 8 mm<\/li>\n<li><strong>Barva:<\/strong> Roza-vijoli\u010dni toni<\/li>\n<\/ul>\n<p>Ti uhani so popolni za vsako prilo\u017enost in bodo zagotovo dodali iskrivost va\u0161emu videzu.<\/p>\n","protected":false},"excerpt":{"rendered":"<p>Dodajte pridih elegancije svojemu videzu s temi klasi\u010dnimi okroglimi uhani. Ble\u0161\u010dice se svetijo v roza-vijoli\u010dnih tonih pod razli\u010dnimi koti, kar ustvarja \u010dudovit vizualni u\u010dinek. Uhani so izdelani iz nerjave\u010dega jekla in smole, kar zagotavlja njihovo trajnost in lepoto. Material: Nerjave\u010de jeklo in smola Detajli: Kameleon ble\u0161\u010dice Velikost: Pribli\u017eno 8 mm Barva: Roza-vijoli\u010dni toni Ti uhani [&hellip;]<\/p>\n","protected":false},"featured_media":13950,"comment_status":"open","ping_status":"closed","template":"","meta":{"_eb_attr":""},"product_cat":[198],"product_tag":[],"class_list":{"0":"post-13948","1":"product","2":"type-product","3":"status-publish","4":"has-post-thumbnail","6":"product_brand-lilalom","7":"product_cat-klasicni-uhani","9":"first","10":"outofstock","11":"sold-individually","12":"purchasable","13":"product-type-simple"},"jetpack_sharing_enabled":true,"_links":{"self":[{"href":"https:\/\/shop.lilalom.com\/index.php\/wp-json\/wp\/v2\/product\/13948","targetHints":{"allow":["GET"]}}],"collection":[{"href":"https:\/\/shop.lilalom.com\/index.php\/wp-json\/wp\/v2\/product"}],"about":[{"href":"https:\/\/shop.lilalom.com\/index.php\/wp-json\/wp\/v2\/types\/product"}],"replies":[{"embeddable":true,"href":"https:\/\/shop.lilalom.com\/index.php\/wp-json\/wp\/v2\/comments?post=13948"}],"wp:featuredmedia":[{"embeddable":true,"href":"https:\/\/shop.lilalom.com\/index.php\/wp-json\/wp\/v2\/media\/13950"}],"wp:attachment":[{"href":"https:\/\/shop.lilalom.com\/index.php\/wp-json\/wp\/v2\/media?parent=13948"}],"wp:term":[{"taxonomy":"product_cat","embeddable":true,"href":"https:\/\/shop.lilalom.com\/index.php\/wp-json\/wp\/v2\/product_cat?post=13948"},{"taxonomy":"product_tag","embeddable":true,"href":"https:\/\/shop.lilalom.com\/index.php\/wp-json\/wp\/v2\/product_tag?post=13948"}],"curies":[{"name":"wp","href":"https:\/\/api.w.org\/{rel}","templated":true}]}}